{"id":588,"date":"2019-05-20T06:55:10","date_gmt":"2019-05-20T06:55:10","guid":{"rendered":"https:\/\/enconstruccion.ninexport.com\/?page_id=588"},"modified":"2019-05-22T07:29:52","modified_gmt":"2019-05-22T07:29:52","slug":"empresa","status":"publish","type":"page","link":"https:\/\/ninexport.com\/?page_id=588","title":{"rendered":"Empresa"},"content":{"rendered":"<div class=\"wpb-content-wrapper\"><p>[vc_row][vc_column width=\u00bb1\/3&#8243;][vc_column_text]<\/p>\n<div style=\"text-align: justify;\">Ninexport es una empresa especializada en la Intermediaci\u00f3n Comercial Internacional.<\/div>\n<div style=\"text-align: justify;\"><\/div>\n<div style=\"text-align: justify;\">Su equipo cuenta con m\u00e1s de 25 a\u00f1os de experiencia en la Importaci\u00f3n y Exportaci\u00f3n de productos entre Espa\u00f1a y otros Pa\u00edses.<\/div>\n<div style=\"text-align: justify;\"><\/div>\n<div style=\"text-align: justify;\">En Ninexport nos preocupamos por conocer las necesidades de nuestros Clientes\u00a0y seguimos un riguroso proceso de selecci\u00f3n de Proveedores y Productos.<\/div>\n<div style=\"text-align: justify;\"><\/div>\n<div style=\"text-align: justify;\">Realizamos una Intermediaci\u00f3n Integral, buscando la mejor Soluci\u00f3n Global para nuestros Clientes.<\/div>\n<p>[\/vc_column_text][\/vc_column][vc_column width=\u00bb2\/3&#8243;]\n<div class=\"slider-simple shortcode-photo-slider owl-carousel dt-owl-carousel-init photoSlider\" data-width=\"1170\" data-height=\"450\" data-autoslide=\"5000\" data-paused=\"false\" style=\"width: 100%\" data-img-mode=\"fill\">\n\t<div class=\"slide-item\">\n\t\t<img loading=\"lazy\" decoding=\"async\" class=\"preload-me aspect\" src=\"https:\/\/ninexport.com\/wp-content\/uploads\/2019\/05\/11ce6639358ce00edd708433c2dcaf59.jpg\" srcset=\"https:\/\/ninexport.com\/wp-content\/uploads\/2019\/05\/11ce6639358ce00edd708433c2dcaf59.jpg 1170w\" style=\"--ratio: 1170 \/ 290\" sizes=\"auto, (max-width: 1170px) 100vw, 1170px\" width=\"1170\" height=\"290\"  alt=\"\"  \/><\/div>\n\t<div class=\"slide-item\">\n\t\t<img loading=\"lazy\" decoding=\"async\" class=\"preload-me aspect\" src=\"https:\/\/ninexport.com\/wp-content\/uploads\/2019\/05\/89a99e84869a68823b2d8f87bc7f2fa3.jpg\" srcset=\"https:\/\/ninexport.com\/wp-content\/uploads\/2019\/05\/89a99e84869a68823b2d8f87bc7f2fa3.jpg 1170w\" style=\"--ratio: 1170 \/ 290\" sizes=\"auto, (max-width: 1170px) 100vw, 1170px\" width=\"1170\" height=\"290\"  alt=\"\"  \/><\/div><\/div>[\/vc_column][\/vc_row]<\/p>\n<\/div>","protected":false},"excerpt":{"rendered":"<p>[vc_row][vc_column width=\u00bb1\/3&#8243;][vc_column_text] Ninexport es una empresa especializada en la Intermediaci\u00f3n Comercial Internacional. Su equipo cuenta con m\u00e1s de 25 a\u00f1os de experiencia en la Importaci\u00f3n y Exportaci\u00f3n de productos entre Espa\u00f1a y otros Pa\u00edses. En Ninexport nos preocupamos por conocer las necesidades de nuestros Clientes\u00a0y seguimos un riguroso proceso de selecci\u00f3n de Proveedores y Productos.&hellip;<\/p>\n","protected":false},"author":1,"featured_media":0,"parent":0,"menu_order":0,"comment_status":"closed","ping_status":"closed","template":"","meta":{"footnotes":""},"class_list":["post-588","page","type-page","status-publish","hentry","description-off"],"_links":{"self":[{"href":"https:\/\/ninexport.com\/index.php?rest_route=\/wp\/v2\/pages\/588","targetHints":{"allow":["GET"]}}],"collection":[{"href":"https:\/\/ninexport.com\/index.php?rest_route=\/wp\/v2\/pages"}],"about":[{"href":"https:\/\/ninexport.com\/index.php?rest_route=\/wp\/v2\/types\/page"}],"author":[{"embeddable":true,"href":"https:\/\/ninexport.com\/index.php?rest_route=\/wp\/v2\/users\/1"}],"replies":[{"embeddable":true,"href":"https:\/\/ninexport.com\/index.php?rest_route=%2Fwp%2Fv2%2Fcomments&post=588"}],"version-history":[{"count":6,"href":"https:\/\/ninexport.com\/index.php?rest_route=\/wp\/v2\/pages\/588\/revisions"}],"predecessor-version":[{"id":662,"href":"https:\/\/ninexport.com\/index.php?rest_route=\/wp\/v2\/pages\/588\/revisions\/662"}],"wp:attachment":[{"href":"https:\/\/ninexport.com\/index.php?rest_route=%2Fwp%2Fv2%2Fmedia&parent=588"}],"curies":[{"name":"wp","href":"https:\/\/api.w.org\/{rel}","templated":true}]}}